
Suppose 0 = -3*r + 35 + 10. Suppose 13*i - 10*i = 3. What is the remainder when i - (2 + -54) - -4 is divided by r?
12
Let w be (-10)/25 - (-6)/15. Let x = w - -14. Let p = x - 4. Calculate the remainder when p is divided by 6.
4
Let t(j) = -j**2 - 19*j - 55. Calculate the remainder when 130 is divided by t(-11).
31
Let u(b) = -6 - 5*b + b - 5*b. Let m be u(-6). Suppose m = 2*n + n. What is the remainder when n is divided by 9?
7
Let v(b) = b**3 + 7*b**2 - 2*b - 9. Let o be v(-7). Suppose -3*k + 29 = o. What is the remainder when ((-5)/(5/(-21)))/1 is divided by k?
5
Let b be -15 - 0/1 - 3. Let t = 5 - b. Let d(r) = -5*r - 9. Calculate the remainder when t is divided by d(-3).
5
Suppose -4*m + 2*m + n + 181 = 0, 0 = -2*n + 10. Let g = 21 - 37. What is the remainder when m is divided by g/20 - 124/(-5)?
21
Suppose 0 = -4*h + 12, 4*h = -6*c + c + 247. What is the remainder when 88 is divided by c?
41
Let q(j) = 100*j + 13. What is the remainder when q(1) is divided by 26?
9
Calculate the remainder when 301 is divided by 31 + -2 + 9 + 3 + -7.
29
Let j(f) = -f**3 - 5*f**2 + 3*f + 3. Let u be j(-6). Let k = 18 + -14. Suppose u = k*p - p. What is the remainder when 25 is divided by p?
4
Suppose 5*f + 33 = 8*f. Let i = 27 + -20. Calculate the remainder when f is divided by i.
4
Suppose 0 = 5*p - 0*p - 40. What is the remainder when 114/p*(-8)/(-3) is divided by (15/9)/(1/6)?
8
Suppose 3*z - 60 = -3*a, 0 = -z + a + 21 + 3. Suppose 2*y - 85 = y. Calculate the remainder when y is divided by z.
19
Let u = 37 - 13. Let x be (3/(-1) - 2)*-25. Suppose 4*q = -4*f + 364, x - 16 = f - 5*q. What is the remainder when f is divided by u?
22
Let y = 47 - 55. Suppose 0 = -5*p + p + 260. Let g = p + y. What is the remainder when g is divided by 30?
27
Suppose -3*p + 2*h + 76 = 0, -4*p + 2*h + 2*h = -104. Let u = p + 23. What is the remainder when u is divided by 25?
22
Let o = -17 - -17. Suppose -z + 0*z + 88 = o. Calculate the remainder when z is divided by 15.
13
Suppose 4*t - 126 = 2*b, 0 = t + b - 31 + 1. Suppose 4*a - 3*a = t. What is the remainder when a is divided by 9?
4
Suppose 17 - 45 = 7*y. What is the remainder when 24 - y - (-4)/2 is divided by 17?
13
Let r = 269 - 184. What is the remainder when r is divided by 44?
41
Let x be (-47)/(5*(-5)/(-50)). Let u = -81 - x. What is the remainder when 23 is divided by u?
10
Suppose -c + 196 = 6*c. Calculate the remainder when c is divided by 10.
8
Let s(z) = -z + 58. What is the remainder when 188 is divided by s(9)?
41
Suppose -4*c + 31 = h, -h = -4*h - 5*c + 79. Let w(p) = -p**2 + 8*p - 4. Calculate the remainder when h is divided by w(4).
11
Suppose -15*u + 102*u = 18357. Calculate the remainder when u is divided by 45.
31
Suppose -27*y - 170 = -37*y. What is the remainder when 63 is divided by y?
12
Suppose -f + 5*f - 4 = 0, -4*k + 5*f + 47 = 0. Suppose -25 = -8*u + 3*u. Suppose 72 = 2*c - 0*c + u*q, 0 = -4*q. Calculate the remainder when c is divided by k.
10
Let g = 183 - 117. Suppose -24*q + 221 = -11*q. What is the remainder when g is divided by q?
15
Let b = 3 + -5. Let p(m) = -10*m - 1. Suppose 0 = 6*a + 121 - 337. Calculate the remainder when a is divided by p(b).
17
Suppose -2*g = -53 - 169. Suppose -4*p - j = -g, -j + 5*j = 5*p - 165. What is the remainder when p is divided by (32/(-10))/(3/(-15))?
13
Let n(a) = -5*a - 6. Let c = 10 - 4. Let s(k) = -k + 2. Let t be s(c). Calculate the remainder when 54 is divided by n(t).
12
Let g be ((-54)/(-12) - 6)*(-40)/(-6). What is the remainder when 132 is divided by g - -6 - (-2)/(-2)*-19?
12
Let q = 392 + -366. Suppose 0 = -l - 266 - 43. What is the remainder when l/(-4) + 3/(-12) is divided by q?
25
Let u(l) = -2*l**2 - 57*l - 80. Calculate the remainder when u(-25) is divided by 17.
10
Suppose -3 = 2*g - 5*g. Let z(l) = 2*l**2 + 0*l**2 + 367*l + g - 361*l. Calculate the remainder when z(-5) is divided by 9.
3
Let o = 321 + -293. What is the remainder when 37 is divided by o?
9
Suppose 5*q - 57 = -4*p, 2*p - 16 - 32 = -4*q. Let z = q + 16. Calculate the remainder when z is divided by 15.
14
Let x(d) = d**3 - 5*d**2 + 5*d + 2. Let c be 550/45 - (-4)/(-18). Suppose -c*r + 20 = -8*r. What is the remainder when x(r) is divided by 15?
12
Suppose 5*u = -2*c + 26, 2*u - u - 4 = -c. Suppose 2340 = -0*t + 5*t. Suppose u*d - t = -96. What is the remainder when d is divided by 16?
14
Suppose 191 = 3*s - 1003. Suppose 2*x - m + 1037 + s = 0, 3*x + 2155 = m. What is the remainder when (-3)/(-4)*x/(-10) is divided by 19?
16
Suppose 20*w - 15 = 15*w. Suppose 5*c - 4*q - 4 = 68, -w*q - 9 = 0. Calculate the remainder when 35 is divided by c.
11
Suppose 3*d - 2*i = -13 - 9, 38 = -5*d + 2*i. Let h = d + 24. Calculate the remainder when 79 is divided by h.
15
Calculate the remainder when (75 - 79)*(-1)/(-2)*-25 is divided by 8.
2
Let w = 56 + -68. What is the remainder when (-2486)/w - (-7)/(-42) is divided by 52?
51
Suppose 2*g - 90 = 182. Suppose -2*j = -5*m - 309, -3*m - 2*j - 59 = g. Let c = m + 103. Calculate the remainder when c is divided by 14.
12
Suppose 2*u - 16 = -2*u. Suppose 4*l - 1 = k, 2*k + 5*l = 3*l - 12. What is the remainder when (-1)/k - (-128)/10 is divided by u?
1
Suppose 0*m + 127 = 5*w + 4*m, -2*w + 5*m + 31 = 0. What is the remainder when w is divided by 17?
6
Suppose -415 = -5*b + 160. Suppose 8*z - 286 = -54. Calculate the remainder when b is divided by z.
28
Suppose 0 = -1537*z + 1555*z - 126. Calculate the remainder when 348 is divided by z.
5
Suppose 2*h - 22 = -3*v + 62, -h - 4*v + 47 = 0. Suppose -7 = -3*d + 2*d. Calculate the remainder when h*1*5/15 is divided by d.
6
Let c = -1 + 13. Suppose 0 = 5*l - 3*a - 32, 0 = -4*l - a - 0*a + c. Let b(t) = 2*t - 6. What is the remainder when b(6) is divided by l?
2
Let q(k) = 7*k**2 - 20*k + 13. Let s(g) = 20*g**2 - 59*g + 38. Let i(l) = 17*q(l) - 6*s(l). What is the remainder when 14 is divided by i(13)?
2
Let d = 38 - 11. Let p(w) = -2*w - 4. Let f be p(-5). What is the remainder when 52 - (3 - f/2) is divided by d?
25
Calculate the remainder when 117 is divided by (-35)/(-7 + 12) - -9.
1
Let q = 8 - 4. Suppose 55 = 3*t + q*s - 24, -5*s = -20. Calculate the remainder when t is divided by 11.
10
Suppose 2*d = f - 15, -75 + 0 = -5*f - 5*d. Calculate the remainder when f is divided by 1/(4 + 14/(-4)).
1
Let o = -1923 - -1934. What is the remainder when o is divided by 10?
1
Let s = 10 - -4. Calculate the remainder when (12/(-8))/(12/(-328)) is divided by s.
13
Let k(d) be the second derivative of -d**4/12 + 5*d**3/2 - 4*d**2 - 4*d. Calculate the remainder when 177 is divided by k(11).
33
Let f(p) = p**3 - 8*p**2 - 7*p - 10. Calculate the remainder when 47 is divided by f(9).
7
Let r = 223 - 38. Suppose 6*h - r = h. Calculate the remainder when 146 is divided by h.
35
What is the remainder when (-95)/950 - (-1 + (-1702)/20) is divided by 18?
14
Suppose 168 = 9*w - 2*w. Let m = -25 + w. Let c(p) = 5*p**2 - 3*p - 3. Calculate the remainder when 17 is divided by c(m).
2
Calculate the remainder when 29 is divided by (7 - 5)*12/4.
5
Calculate the remainder when 262 is divided by 6/4 + 721/14.
50
Suppose k + 4*r = 7, 0 = 3*k + 13*r - 8*r - 49. Calculate the remainder when k is divided by 12.
11
Let k = 494 - 258. Calculate the remainder when k is divided by 16.
12
Suppose 4*a - 56 = -h + 121, a - 47 = -3*h. Suppose -9*g + a = -7*g. Calculate the remainder when 108 is divided by g.
20
Let f(c) = c**3 - 13*c**2 + 42*c - 5. What is the remainder when 22 is divided by f(8)?
0
Let h(v) = -v**3 + 3*v**2 + 3*v + 6. Let i be h(4). Suppose -3*f = -i*m - 35, -49 = -3*f - 10*m + 5*m. Calculate the remainder when 16 is divided by f.
3
Let k(s) = 2*s**2 - 6*s - 1. Let a(x) = -3*x + 4. Calculate the remainder when k(-6) is divided by a(-6).
19
Suppose 5*c - 44 = -2*o + 2*c, 4*o + 2*c - 96 = 0. What is the remainder when o is divided by 9?
7
What is the remainder when 129 is divided by ((-38)/8 + 2)/((-3)/12)?
8
Let m(h) = -1344*h**3 - h**2 - 45*h - 45. Calculate the remainder when m(-1) is divided by 24.
23
Let c = 122 - 70. Suppose -2*q = c - 262. What is the remainder when q is divided by 9?
6
Let n(s) = 2*s - 4 + 8 - 7. Let i be n(-9). Let d = i - -31. What is the remainder when 38 is divided by d?
8
Let o(i) = i**3